f + 2*f = -2*g + 111, 2*f + 60 = g. What is the units digit of g?
4
Let d = 583 + -29. Let v = -369 + d. What is the units digit of v?
5
Suppose 2*m + 0*m = -32. Let k(u) = u**3 + 5*u**2 + 6*u + 9. Let x be k(-4). What is the units digit of m + 12 + x*54?
0
Let u(h) = -h + 8*h**2 - 22 - 2*h**2 - 15*h**2 + h**3. What is the hundreds digit of u(11)?
2
Let b(f) = 99*f - 1. Let g be b(2). Let c = g + 6. What is the hundreds digit of c?
2
Let u = 144 + -82. Let s(l) = -2*l**2 + 17*l - 5. Let b be s(8). What is the tens digit of (u/b)/((-2)/(-3))?
3
Suppose 0*o + 3663 = 9*o. What is the units digit of o?
7
Let x = -64 - -68. Suppose 0*z + 105 = z + 2*l, -x*l - 135 = -z. What is the tens digit of z?
1
Suppose 3*m - 12 - 72 = 0. Let c = 29 - m. What is the units digit of c*1/(1/11)?
1
Suppose 4*s - 3*y - 86 = 0, -4*y - 13 = 5*s - 105. Suppose -s = -3*t - 2*t. Suppose -34 = t*c - 250. What is the tens digit of c?
5
Let s(v) = 19*v**2 + 5. Let i be s(2). Let m = 31 - i. Let o = -31 - m. What is the units digit of o?
9
What is the tens digit of -3*(28570/(-60) - 5/2)?
3
Let s = 152 + 3173. What is the units digit of s?
5
Let y be (1 - -215 - 1) + -1 + -1. Let c = y - 110. What is the hundreds digit of c?
1
Let w(t) = -543*t + 137. What is the tens digit of w(-2)?
2
Let h(s) = 0*s**3 - 4 + 6 + 13*s**3 + 2*s**2 - 3. Suppose v + 1 = 2*v. What is the units digit of h(v)?
4
Let p = -5914 + 8683. What is the thousands digit of p?
2
Let p = 224 - 112. What is the units digit of p?
2
Let r be -1 + (-5)/(-7) + 4/14. Let d(o) = 5*o + 30. What is the tens digit of d(r)?
3
Suppose -m - 4*c = -0*c - 339, 3*m - 2*c - 989 = 0. Suppose m = 4*l + 79. What is the units digit of l?
3
Let q(r) = r**2 + 9*r - 38. Let m be q(16). Suppose -71 = -f + d, -5*f = d + d - m. What is the tens digit of f?
7
Let n = 642 + -595. What is the units digit of n?
7
What is the units digit of (-2932)/(-20)*5 - -1?
4
Let q = 2946 + -999. What is the hundreds digit of q?
9
Let q(p) = -p**2 + 9*p + 13. Let v(n) = n**2 + 6*n + 9. Let b be v(-6). Let i be q(b). Suppose i*z + 34 = 15*z. What is the units digit of z?
7
Suppose b = -3*b + 80. Let s = b - 16. What is the units digit of s?
4
Let x(s) = 6*s**3 - 2*s**2 + 2*s. Let a be x(3). Suppose 3*o + a = -114. What is the units digit of ((-2)/4)/(2/o)?
2
Suppose 2*x = p + 462, -3*p - 233 = -x + 8. What is the hundreds digit of x?
2
What is the units digit of ((-936)/(-108))/((-2)/(-54))?
4
Let x = 222 + -189. What is the tens digit of x?
3
Let y(j) = -29*j**2 + j + 3. Let r(z) = -89*z**2 + 3*z + 10. Let d(g) = 2*r(g) - 7*y(g). What is the tens digit of d(-2)?
0
Suppose -i = -0*w + 5*w + 20, -4*i - 172 = -3*w. Suppose 2*v - x - 4*x - 94 = 0, 224 = 4*v - x. Let c = v + i. What is the tens digit of c?
1
Suppose -3*j - 1054 = 4*y, -1070 = 5*y - y - 5*j. Let c = -113 - y. Suppose 2*z + c = 6*z. What is the tens digit of z?
3
Let m(j) = 15*j**2 + 10*j**2 + 2 - 3*j + 72*j**2. Let d be m(1). Suppose 3*a = -3*p + d, -p + 5*a + 59 = 3. What is the units digit of p?
6
Let p = -13000 + 18662. What is the hundreds digit of p?
6
Let a be (-5)/10*6 + 6. Let m(o) = 26*o + 4. What is the units digit of m(a)?
2
Let n(a) = 3*a**2 - 5. Let g be n(6). Let p = g + -65. What is the units digit of 1/((6/3)/p)?
9
Let n = -5 - -2. Let f = -161 - -133. What is the tens digit of -7 + 3 - n - f?
2
Suppose 2*w = -0*w + 800. Suppose -a - w = 4*a. Let h = 122 + a. What is the units digit of h?
2
Let h(l) = -2*l - 11. Let j be ((-18)/2 + -3)*8/6. What is the units digit of h(j)?
1
Let l be (15/6)/(1/(-2) - -1). Suppose 0 = -p, -l*p + 388 = 4*x - 3*p. What is the units digit of x?
7
Suppose -2*w - 1700 = -5*m, 2*m - 699 = -4*w + w. Suppose -m = 10*t - 1042. What is the tens digit of t?
7
Let b(k) = -k**2 + 3*k + 7. Let x be b(5). Let r be 91/(-35) + x/(-5). Let j = 11 + r. What is the units digit of j?
9
Let i(c) = c - 2. Let x be i(2). Suppose 5*l - 14 = 1, x = -5*j + 4*l + 138. Suppose 3*u - j = 2*u. What is the tens digit of u?
3
Let r(f) = f**3 - 2*f + 1. Let z = 5 - 4. Let k be r(z). Suppose -3*h - 2*h + 100 = k. What is the units digit of h?
0
Let z(v) = -5*v**2 + 0*v**2 + 2 - 2*v + 6*v**2. Let u be z(3). Suppose 0*y - u*y + 265 = 0. What is the tens digit of y?
5
Suppose 0 = 5*r - 4*r. Suppose -q + 5 - 8 = r. Let f = 39 - q. What is the units digit of f?
2
What is the units digit of 6 - 9 - -4 - -81?
2
Suppose -430 = -506*v + 501*v. What is the tens digit of v?
8
Let i(o) be the third derivative of -o**5/20 + o**4/12 - o**3/3 + 5*o**2. Let j be i(3). Let v = -21 - j. What is the units digit of v?
2
Let i(r) = -r + 12. Let k be i(10). Let j(m) be the second derivative of 5*m**4/6 - 2*m**3/3 + m**2 - 2*m. What is the tens digit of j(k)?
3
Let h = -1820 + 2619. What is the hundreds digit of h?
7
Let x be 18/(-12)*4/(-3). Let k(u) = u**2 + 0*u**x + 15*u - 12*u + 4. What is the tens digit of k(4)?
3
Suppose 4*b + 5*h - 6667 = 0, 5*b + 8*h - 3*h - 8335 = 0. What is the thousands digit of b?
1
Let x = -130 - -715. What is the tens digit of x?
8
Let r = -19 + 21. Let n be (-55)/(-10)*r - 3. Suppose 4*s - n = 0, s - 211 = -5*g + 3*s. What is the tens digit of g?
4
Let l = -10 + 6. Let c = l + 8. Suppose -19 = -c*r + 49. What is the tens digit of r?
1
Let m(j) = -j**3 - j**2 - j + 31. Let h be m(0). Suppose 0*o + h = o. Suppose 3*t = 4*c - o, -3*c + 13 = -c - t. What is the units digit of c?
4
What is the tens digit of ((-622)/(-1) + -3)/(-2 + 3)?
1
Let o(d) = -1539*d + 448. What is the thousands digit of o(-2)?
3
Let g(c) = 2*c**2 - 1 + 5 - 2*c**2 - c**2 + 9*c. Let i be g(10). Let k(u) = -u**3 - 4*u**2 + 3*u - 9. What is the tens digit of k(i)?
4
Suppose -3*n + n = 36. Let k = 11 + n. What is the units digit of (-2)/k + 165/35?
5
Suppose 9*o - 7263 = 13572. What is the hundreds digit of o?
3
Suppose -3 = -4*w - 75. Let y = w - -30. What is the units digit of y?
2
Suppose d - 6*d - 4*p = -22, -4*d - 1 = -3*p. Let a = d - -1. Let r(i) = i**3 - 3*i**2 + 3*i + 3. What is the units digit of r(a)?
2
Suppose 5*r - 1044 = -m, -4*m - 2*r + 6*r = -4200. What is the tens digit of m?
4
Suppose 2*k = -3*k - 5. Let i(r) = 66*r**2 - r. What is the tens digit of i(k)?
6
Let z = 96 - 47. What is the units digit of z?
9
Let f = 1649 - 812. What is the hundreds digit of f?
8
Let r(g) be the first derivative of g**4/4 + 2*g**3 - 5*g**2/2 - 7*g + 13. What is the units digit of r(-6)?
3
Let i(y) = y**3 - 15*y**2 + 15*y - 4. Let u be i(14). Suppose -2*j + 198 = 4*a, 0 = 2*a - 2*j - 100 + u. What is the units digit of (a - -2)*(-12)/(-30)?
0
Let c be ((-5 - -7)/(-2))/((-1)/(-3)). What is the tens digit of ((-86)/4)/(c*1/18)?
2
Suppose 0 = 13*p - 7193 - 2505. What is the tens digit of p?
4
Suppose -5*v + v + 404 = 0. Suppose 3*m = -4*l + v, m = 2*l - 2*m - 55. What is the units digit of l?
6
Let z be ((-42)/(-28))/((-6)/(-544)). Let b = -92 + z. What is the units digit of b?
4
Let i be (-6)/4*16/(-12). Suppose -3*h = -6, 3*u + 2*h - 124 = -i*u. Let m = -8 + u. What is the units digit of m?
6
Suppose 5*g = 5, 6*g - 2*g - 772 = -3*j. What is the hundreds digit of j?
2
Let d(l) = l**3 + 26*l**2 - 27*l + 41. What is the units digit of d(-27)?
1
Suppose -1523 - 202 = -3*y. Suppose 4*k - y + 119 = 0. What is the tens digit of k?
1
Suppose -8*y = -267 + 11. What is the units digit of y?
2
Suppose x - 3*q = -0*q - 453, -3*q + 2229 = -5*x. Let o = 638 + x. What is the units digit of o?
4
Let p(j) = -19*j - 7. Let x be p(-7). Let u be (36/(-7))/((-32)/560). Let f = x - u. What is the units digit of f?
6
Suppose y + 17 = -2*j, -2*y + 3*j + 1 = 21. Suppose 18*z - 165 + 579 = 0. Let m = y - z. What is the tens digit of m?
1
Let x(k) = -k + 1. Let c(q) = -4*q + 5. Let u(i) = -c(i) + 3*x(i). Let m be u(2). Suppose 4*f + 4*s + m*s = 208, 4*f = 4*s + 168. What is the units digit of f?
7
Suppose 3*q + 6*r - 1688 = r, 2*q - 1120 = -2*r. Suppose -344 - q = -3*c. What is the tens digit of c?
0
Let u be (-2)/12 + (-1708)/(-24) + 2. Let o = u - 14. What is the units digit of o?
9
Suppose -16*t + 9560 = 4*t. What is the units digit of t?
8
What is the tens digit of (6/54*1524)/(2/33)?
9
Suppose 3*a = -24 - 21. Let v = 61 + a. What is the units digit of v?
6
Let r(g) = -2*g**2 - 2*g**3 - 2*g - 7 - 4 - 4*g**2 + 4*g**2. What is t